{"id":137,"date":"2026-01-23T07:58:01","date_gmt":"2026-01-23T07:58:01","guid":{"rendered":"https:\/\/aloehyvinvointi.fi\/?page_id=137"},"modified":"2026-03-31T15:40:38","modified_gmt":"2026-03-31T15:40:38","slug":"reseptit","status":"publish","type":"page","link":"https:\/\/aloehyvinvointi.fi\/index.php\/reseptit\/","title":{"rendered":"Reseptit"},"content":{"rendered":"\t\t<div data-elementor-type=\"wp-page\" data-elementor-id=\"137\" class=\"elementor elementor-137\">\n\t\t\t\t<div class=\"elementor-element elementor-element-8992b82 e-flex e-con-boxed wpr-particle-no wpr-jarallax-no wpr-parallax-no wpr-sticky-section-no wpr-equal-height-no e-con e-parent\" data-id=\"8992b82\" data-element_type=\"container\" data-e-type=\"container\">\n\t\t\t\t\t<div class=\"e-con-inner\">\n\t\t<div class=\"elementor-element elementor-element-be2d145 e-con-full e-flex wpr-particle-no wpr-jarallax-no wpr-parallax-no wpr-sticky-section-no wpr-equal-height-no e-con e-child\" data-id=\"be2d145\" data-element_type=\"container\" data-e-type=\"container\">\n\t\t\t\t<div class=\"elementor-element elementor-element-3fecbe7 elementor-widget elementor-widget-image\" data-id=\"3fecbe7\" data-element_type=\"widget\" data-e-type=\"widget\" data-widget_type=\"image.default\">\n\t\t\t\t\t\t\t\t\t\t\t\t\t\t\t<img fetchpriority=\"high\" decoding=\"async\" width=\"724\" height=\"1024\" src=\"https:\/\/aloehyvinvointi.fi\/wp-content\/uploads\/2026\/03\/Nice-Cream-jaatelot-724x1024.jpeg\" class=\"attachment-large size-large wp-image-324\" alt=\"\" srcset=\"https:\/\/aloehyvinvointi.fi\/wp-content\/uploads\/2026\/03\/Nice-Cream-jaatelot-724x1024.jpeg 724w, https:\/\/aloehyvinvointi.fi\/wp-content\/uploads\/2026\/03\/Nice-Cream-jaatelot-212x300.webp 212w, https:\/\/aloehyvinvointi.fi\/wp-content\/uploads\/2026\/03\/Nice-Cream-jaatelot-768x1086.jpeg 768w, https:\/\/aloehyvinvointi.fi\/wp-content\/uploads\/2026\/03\/Nice-Cream-jaatelot.webp 1061w\" sizes=\"(max-width: 724px) 100vw, 724px\" \/>\t\t\t\t\t\t\t\t\t\t\t\t\t\t\t<\/div>\n\t\t\t\t<\/div>\n\t\t<div class=\"elementor-element elementor-element-83aca72 e-con-full e-flex wpr-particle-no wpr-jarallax-no wpr-parallax-no wpr-sticky-section-no wpr-equal-height-no e-con e-child\" data-id=\"83aca72\" data-element_type=\"container\" data-e-type=\"container\">\n\t\t<div class=\"elementor-element elementor-element-e4ad83e e-con-full e-flex wpr-particle-no wpr-jarallax-no wpr-parallax-no wpr-sticky-section-no wpr-equal-height-no e-con e-child\" data-id=\"e4ad83e\" data-element_type=\"container\" data-e-type=\"container\">\n\t\t\t\t<div class=\"elementor-element elementor-element-b595251 elementor-widget elementor-widget-image\" data-id=\"b595251\" data-element_type=\"widget\" data-e-type=\"widget\" data-widget_type=\"image.default\">\n\t\t\t\t\t\t\t\t\t\t\t\t\t\t\t<img decoding=\"async\" width=\"724\" height=\"1024\" src=\"https:\/\/aloehyvinvointi.fi\/wp-content\/uploads\/2026\/03\/WhatsApp-Image-2026-02-02-at-12.19.45-4-724x1024.jpeg\" class=\"attachment-large size-large wp-image-313\" alt=\"\" srcset=\"https:\/\/aloehyvinvointi.fi\/wp-content\/uploads\/2026\/03\/WhatsApp-Image-2026-02-02-at-12.19.45-4-724x1024.jpeg 724w, https:\/\/aloehyvinvointi.fi\/wp-content\/uploads\/2026\/03\/WhatsApp-Image-2026-02-02-at-12.19.45-4-212x300.jpeg 212w, https:\/\/aloehyvinvointi.fi\/wp-content\/uploads\/2026\/03\/WhatsApp-Image-2026-02-02-at-12.19.45-4-768x1086.jpeg 768w, https:\/\/aloehyvinvointi.fi\/wp-content\/uploads\/2026\/03\/WhatsApp-Image-2026-02-02-at-12.19.45-4.jpeg 1061w\" sizes=\"(max-width: 724px) 100vw, 724px\" \/>\t\t\t\t\t\t\t\t\t\t\t\t\t\t\t<\/div>\n\t\t\t\t<\/div>\n\t\t\t\t<\/div>\n\t\t\t\t\t<\/div>\n\t\t\t\t<\/div>\n\t\t<div class=\"elementor-element elementor-element-dba6e2f e-flex e-con-boxed wpr-particle-no wpr-jarallax-no wpr-parallax-no wpr-sticky-section-no wpr-equal-height-no e-con e-parent\" data-id=\"dba6e2f\" data-element_type=\"container\" data-e-type=\"container\">\n\t\t\t\t\t<div class=\"e-con-inner\">\n\t\t\t\t<div class=\"elementor-element elementor-element-bc3e158 elementor-widget elementor-widget-text-editor\" data-id=\"bc3e158\" data-element_type=\"widget\" data-e-type=\"widget\" data-widget_type=\"text-editor.default\">\n\t\t\t\t\t\t\t\t\t<p><strong>ENNEN KUIN ALOITAT<\/strong><\/p><p>Pari vinkki\u00e4!<\/p><p>Vain harva herkku ly\u00f6 laudalta t\u00e4ytel\u00e4isen ja kuohkean nice cream-j\u00e4lkiruuan, jota voi viel\u00e4p\u00e4 nauttia hyv\u00e4ll\u00e4 omallatunnolla. Kyseess\u00e4 on j\u00e4\u00e4tel\u00f6n tyylinen herkku ilman ep\u00e4terveellisi\u00e4 ainesosia, kuten sokeria ja kermaa.\u00a0Nice creamin valmistuksessa on kaksi t\u00e4rke\u00e4\u00e4 seikkaa onnistuneen lopputuloksen saamiseksi. T\u00e4ytel\u00e4isen nice cream-herkun salaisuus on laadukas ja hyv\u00e4nmakuinen proteiinijauhe. Suosittelemme Forever Ultraa, josta on saatavilla herkulliset vaniljen ja suklaan maut ja joka sis\u00e4lt\u00e4\u00e4 laadukasta soljeproteiinia sek\u00e4 t\u00e4rkeit\u00e4 vitamiineja ja kivenn\u00e4isaineita.\u00a0Se maistuu hyv\u00e4lt\u00e4 ja sopii j\u00e4\u00e4tel\u00f6herkkuun t\u00e4ydellisesti Nice cream on loistava v\u00e4lipala my\u00f6s lapsille! Maku on voittamaton. Olen kokeillut montaa erilaista proteiinijauhetta ja ateriankorviketta, mutta Forever Ultra on ylivoimaisesti paras. Pid\u00e4n siit\u00e4 siksikin, ett\u00e4 se on ateriankorvike, josta saa hyvi\u00e4 ravinteita keholle.&#8221;\u00a0Toinen salaisuus onnistuneen nice creamin valmistuksessa on, ett\u00e4 se pit\u00e4\u00e4 sekoittaa mahdollisimman nopeasti. Mit\u00e4 pidemp\u00e4\u00e4n sekoitat, sit\u00e4 enemm\u00e4n aineiset l\u00e4mpenev\u00e4t, jolloin lopputuloksesta voi tulla liian l\u00f6ys\u00e4.<\/p>\t\t\t\t\t\t\t\t<\/div>\n\t\t\t\t\t<\/div>\n\t\t\t\t<\/div>\n\t\t<div class=\"elementor-element elementor-element-96b63ba e-grid e-con-boxed wpr-particle-no wpr-jarallax-no wpr-parallax-no wpr-sticky-section-no wpr-equal-height-no e-con e-parent\" data-id=\"96b63ba\" data-element_type=\"container\" data-e-type=\"container\">\n\t\t\t\t\t<div class=\"e-con-inner\">\n\t\t\t\t<div class=\"elementor-element elementor-element-21ecd87 elementor-widget elementor-widget-image\" data-id=\"21ecd87\" data-element_type=\"widget\" data-e-type=\"widget\" data-widget_type=\"image.default\">\n\t\t\t\t\t\t\t\t\t\t\t\t\t\t\t<img decoding=\"async\" width=\"724\" height=\"1024\" src=\"https:\/\/aloehyvinvointi.fi\/wp-content\/uploads\/2026\/03\/WhatsApp-Image-2026-02-02-at-12.19.45-2-724x1024.webp\" class=\"attachment-large size-large wp-image-311\" alt=\"\" srcset=\"https:\/\/aloehyvinvointi.fi\/wp-content\/uploads\/2026\/03\/WhatsApp-Image-2026-02-02-at-12.19.45-2-724x1024.webp 724w, https:\/\/aloehyvinvointi.fi\/wp-content\/uploads\/2026\/03\/WhatsApp-Image-2026-02-02-at-12.19.45-2-212x300.webp 212w, https:\/\/aloehyvinvointi.fi\/wp-content\/uploads\/2026\/03\/WhatsApp-Image-2026-02-02-at-12.19.45-2-768x1086.webp 768w, https:\/\/aloehyvinvointi.fi\/wp-content\/uploads\/2026\/03\/WhatsApp-Image-2026-02-02-at-12.19.45-2.webp 1061w\" sizes=\"(max-width: 724px) 100vw, 724px\" \/>\t\t\t\t\t\t\t\t\t\t\t\t\t\t\t<\/div>\n\t\t\t\t<div class=\"elementor-element elementor-element-5c72ce2 elementor-widget elementor-widget-image\" data-id=\"5c72ce2\" data-element_type=\"widget\" data-e-type=\"widget\" data-widget_type=\"image.default\">\n\t\t\t\t\t\t\t\t\t\t\t\t\t\t\t<img loading=\"lazy\" decoding=\"async\" width=\"724\" height=\"1024\" src=\"https:\/\/aloehyvinvointi.fi\/wp-content\/uploads\/2026\/03\/WhatsApp-Image-2026-02-02-at-12.19.44-5-724x1024.webp\" class=\"attachment-large size-large wp-image-307\" alt=\"\" srcset=\"https:\/\/aloehyvinvointi.fi\/wp-content\/uploads\/2026\/03\/WhatsApp-Image-2026-02-02-at-12.19.44-5-724x1024.webp 724w, https:\/\/aloehyvinvointi.fi\/wp-content\/uploads\/2026\/03\/WhatsApp-Image-2026-02-02-at-12.19.44-5-212x300.webp 212w, https:\/\/aloehyvinvointi.fi\/wp-content\/uploads\/2026\/03\/WhatsApp-Image-2026-02-02-at-12.19.44-5-768x1086.webp 768w, https:\/\/aloehyvinvointi.fi\/wp-content\/uploads\/2026\/03\/WhatsApp-Image-2026-02-02-at-12.19.44-5.webp 1061w\" sizes=\"(max-width: 724px) 100vw, 724px\" \/>\t\t\t\t\t\t\t\t\t\t\t\t\t\t\t<\/div>\n\t\t\t\t<div class=\"elementor-element elementor-element-7b73706 elementor-widget elementor-widget-image\" data-id=\"7b73706\" data-element_type=\"widget\" data-e-type=\"widget\" data-widget_type=\"image.default\">\n\t\t\t\t\t\t\t\t\t\t\t\t\t\t\t<img loading=\"lazy\" decoding=\"async\" width=\"724\" height=\"1024\" src=\"https:\/\/aloehyvinvointi.fi\/wp-content\/uploads\/2026\/03\/WhatsApp-Image-2026-02-02-at-12.19.44-6-724x1024.webp\" class=\"attachment-large size-large wp-image-308\" alt=\"\" srcset=\"https:\/\/aloehyvinvointi.fi\/wp-content\/uploads\/2026\/03\/WhatsApp-Image-2026-02-02-at-12.19.44-6-724x1024.webp 724w, https:\/\/aloehyvinvointi.fi\/wp-content\/uploads\/2026\/03\/WhatsApp-Image-2026-02-02-at-12.19.44-6-212x300.webp 212w, https:\/\/aloehyvinvointi.fi\/wp-content\/uploads\/2026\/03\/WhatsApp-Image-2026-02-02-at-12.19.44-6-768x1086.webp 768w, https:\/\/aloehyvinvointi.fi\/wp-content\/uploads\/2026\/03\/WhatsApp-Image-2026-02-02-at-12.19.44-6.webp 1061w\" sizes=\"(max-width: 724px) 100vw, 724px\" \/>\t\t\t\t\t\t\t\t\t\t\t\t\t\t\t<\/div>\n\t\t\t\t<div class=\"elementor-element elementor-element-44bbb97 elementor-widget elementor-widget-image\" data-id=\"44bbb97\" data-element_type=\"widget\" data-e-type=\"widget\" data-widget_type=\"image.default\">\n\t\t\t\t\t\t\t\t\t\t\t\t\t\t\t<img loading=\"lazy\" decoding=\"async\" width=\"724\" height=\"1024\" src=\"https:\/\/aloehyvinvointi.fi\/wp-content\/uploads\/2026\/03\/WhatsApp-Image-2026-02-02-at-12.19.45-3-724x1024.webp\" class=\"attachment-large size-large wp-image-312\" alt=\"\" srcset=\"https:\/\/aloehyvinvointi.fi\/wp-content\/uploads\/2026\/03\/WhatsApp-Image-2026-02-02-at-12.19.45-3-724x1024.webp 724w, https:\/\/aloehyvinvointi.fi\/wp-content\/uploads\/2026\/03\/WhatsApp-Image-2026-02-02-at-12.19.45-3-212x300.webp 212w, https:\/\/aloehyvinvointi.fi\/wp-content\/uploads\/2026\/03\/WhatsApp-Image-2026-02-02-at-12.19.45-3-768x1086.webp 768w, https:\/\/aloehyvinvointi.fi\/wp-content\/uploads\/2026\/03\/WhatsApp-Image-2026-02-02-at-12.19.45-3.webp 1061w\" sizes=\"(max-width: 724px) 100vw, 724px\" \/>\t\t\t\t\t\t\t\t\t\t\t\t\t\t\t<\/div>\n\t\t\t\t\t<\/div>\n\t\t\t\t<\/div>\n\t\t<div class=\"elementor-element elementor-element-fb7df2b e-flex e-con-boxed wpr-particle-no wpr-jarallax-no wpr-parallax-no wpr-sticky-section-no wpr-equal-height-no e-con e-parent\" data-id=\"fb7df2b\" data-element_type=\"container\" data-e-type=\"container\">\n\t\t\t\t\t<div class=\"e-con-inner\">\n\t\t\t\t<div class=\"elementor-element elementor-element-c621f05 elementor-align-center elementor-widget elementor-widget-button\" data-id=\"c621f05\" data-element_type=\"widget\" data-e-type=\"widget\" data-widget_type=\"button.default\">\n\t\t\t\t\t\t\t\t\t\t<a class=\"elementor-button elementor-button-link elementor-size-sm\" href=\"https:\/\/thealoeveraco.shop\/JlEFe02k\">\n\t\t\t\t\t\t<span class=\"elementor-button-content-wrapper\">\n\t\t\t\t\t\t\t\t\t<span class=\"elementor-button-text\">Tilaa tuotteet t\u00e4st\u00e4<\/span>\n\t\t\t\t\t<\/span>\n\t\t\t\t\t<\/a>\n\t\t\t\t\t\t\t\t<\/div>\n\t\t\t\t\t<\/div>\n\t\t\t\t<\/div>\n\t\t\t\t<\/div>\n\t\t","protected":false},"excerpt":{"rendered":"<p>ENNEN KUIN ALOITAT Pari vinkki\u00e4! Vain harva herkku ly\u00f6 laudalta t\u00e4ytel\u00e4isen ja kuohkean nice cream-j\u00e4lkiruuan, jota voi viel\u00e4p\u00e4 nauttia hyv\u00e4ll\u00e4 omallatunnolla. Kyseess\u00e4 on j\u00e4\u00e4tel\u00f6n tyylinen herkku ilman ep\u00e4terveellisi\u00e4 ainesosia, kuten sokeria ja kermaa.\u00a0Nice creamin valmistuksessa on kaksi t\u00e4rke\u00e4\u00e4 seikkaa onnistuneen lopputuloksen saamiseksi. T\u00e4ytel\u00e4isen nice cream-herkun salaisuus on laadukas ja hyv\u00e4nmakuinen proteiinijauhe. Suosittelemme Forever Ultraa, josta on saatavilla herkulliset vaniljen ja suklaan maut ja joka sis\u00e4lt\u00e4\u00e4 laadukasta soljeproteiinia sek\u00e4 t\u00e4rkeit\u00e4 vitamiineja ja kivenn\u00e4isaineita.\u00a0Se maistuu hyv\u00e4lt\u00e4 ja sopii j\u00e4\u00e4tel\u00f6herkkuun t\u00e4ydellisesti Nice cream on loistava v\u00e4lipala my\u00f6s lapsille! Maku on voittamaton. Olen kokeillut montaa erilaista proteiinijauhetta ja ateriankorviketta, mutta Forever Ultra on ylivoimaisesti paras. Pid\u00e4n siit\u00e4 siksikin, ett\u00e4 se on ateriankorvike, josta saa hyvi\u00e4 ravinteita keholle.&#8221;\u00a0Toinen salaisuus onnistuneen nice creamin valmistuksessa on, ett\u00e4 se pit\u00e4\u00e4 sekoittaa mahdollisimman nopeasti. Mit\u00e4 pidemp\u00e4\u00e4n sekoitat, sit\u00e4 enemm\u00e4n aineiset l\u00e4mpenev\u00e4t, jolloin lopputuloksesta voi tulla liian l\u00f6ys\u00e4. Tilaa tuotteet t\u00e4st\u00e4<\/p>\n","protected":false},"author":1,"featured_media":0,"parent":0,"menu_order":0,"comment_status":"closed","ping_status":"closed","template":"","meta":{"footnotes":""},"class_list":["post-137","page","type-page","status-publish","hentry","entry"],"_links":{"self":[{"href":"https:\/\/aloehyvinvointi.fi\/index.php\/wp-json\/wp\/v2\/pages\/137","targetHints":{"allow":["GET"]}}],"collection":[{"href":"https:\/\/aloehyvinvointi.fi\/index.php\/wp-json\/wp\/v2\/pages"}],"about":[{"href":"https:\/\/aloehyvinvointi.fi\/index.php\/wp-json\/wp\/v2\/types\/page"}],"author":[{"embeddable":true,"href":"https:\/\/aloehyvinvointi.fi\/index.php\/wp-json\/wp\/v2\/users\/1"}],"replies":[{"embeddable":true,"href":"https:\/\/aloehyvinvointi.fi\/index.php\/wp-json\/wp\/v2\/comments?post=137"}],"version-history":[{"count":27,"href":"https:\/\/aloehyvinvointi.fi\/index.php\/wp-json\/wp\/v2\/pages\/137\/revisions"}],"predecessor-version":[{"id":644,"href":"https:\/\/aloehyvinvointi.fi\/index.php\/wp-json\/wp\/v2\/pages\/137\/revisions\/644"}],"wp:attachment":[{"href":"https:\/\/aloehyvinvointi.fi\/index.php\/wp-json\/wp\/v2\/media?parent=137"}],"curies":[{"name":"wp","href":"https:\/\/api.w.org\/{rel}","templated":true}]}}